{"id":64206,"date":"2026-03-13T18:40:23","date_gmt":"2026-03-13T18:40:23","guid":{"rendered":"https:\/\/valparaiso.proximasistemas.com.mx\/?page_id=64206"},"modified":"2026-03-13T18:44:18","modified_gmt":"2026-03-13T18:44:18","slug":"index","status":"publish","type":"page","link":"https:\/\/valparaiso.proximasistemas.com.mx\/","title":{"rendered":"index"},"content":{"rendered":"","protected":false},"excerpt":{"rendered":"","protected":false},"author":31,"featured_media":0,"parent":0,"menu_order":0,"comment_status":"closed","ping_status":"closed","template":"","meta":{"footnotes":""},"class_list":["post-64206","page","type-page","status-publish","hentry"],"yoast_head":"<!-- This site is optimized with the Yoast SEO plugin v27.2 - https:\/\/yoast.com\/product\/yoast-seo-wordpress\/ -->\n<title>Servicios funerarios en Toluca | Atenci\u00f3n 24\/7<\/title>\n<meta name=\"description\" content=\"Servicios funerarios en Toluca. Tr\u00e1mites, cremaci\u00f3n, salas de velaci\u00f3n y acompa\u00f1amiento profesional las 24 horas.\" \/>\n<meta name=\"robots\" content=\"index, follow, max-snippet:-1, max-image-preview:large, max-video-preview:-1\" \/>\n<link rel=\"canonical\" href=\"https:\/\/valparaiso.proximasistemas.com.mx\/\" \/>\n<meta property=\"og:locale\" content=\"es_ES\" \/>\n<meta property=\"og:type\" content=\"article\" \/>\n<meta property=\"og:title\" content=\"Servicios funerarios en Toluca | Atenci\u00f3n 24\/7\" \/>\n<meta property=\"og:description\" content=\"Servicios funerarios en Toluca. Tr\u00e1mites, cremaci\u00f3n, salas de velaci\u00f3n y acompa\u00f1amiento profesional las 24 horas.\" \/>\n<meta property=\"og:url\" content=\"https:\/\/valparaiso.proximasistemas.com.mx\/\" \/>\n<meta property=\"og:site_name\" content=\"Valparaiso\" \/>\n<meta property=\"article:publisher\" content=\"https:\/\/www.facebook.com\/FuneralesValparaiso\" \/>\n<meta property=\"article:modified_time\" content=\"2026-03-13T18:44:18+00:00\" \/>\n<meta name=\"twitter:card\" content=\"summary_large_image\" \/>\n<script type=\"application\/ld+json\" class=\"yoast-schema-graph\">{\"@context\":\"https:\/\/schema.org\",\"@graph\":[{\"@type\":\"WebPage\",\"@id\":\"https:\/\/valparaiso.proximasistemas.com.mx\/\",\"url\":\"https:\/\/valparaiso.proximasistemas.com.mx\/\",\"name\":\"Servicios funerarios en Toluca | Atenci\u00f3n 24\/7\",\"isPartOf\":{\"@id\":\"https:\/\/valparaiso.proximasistemas.com.mx\/#website\"},\"datePublished\":\"2026-03-13T18:40:23+00:00\",\"dateModified\":\"2026-03-13T18:44:18+00:00\",\"description\":\"Servicios funerarios en Toluca. Tr\u00e1mites, cremaci\u00f3n, salas de velaci\u00f3n y acompa\u00f1amiento profesional las 24 horas.\",\"breadcrumb\":{\"@id\":\"https:\/\/valparaiso.proximasistemas.com.mx\/#breadcrumb\"},\"inLanguage\":\"es\",\"potentialAction\":[{\"@type\":\"ReadAction\",\"target\":[\"https:\/\/valparaiso.proximasistemas.com.mx\/\"]}]},{\"@type\":\"BreadcrumbList\",\"@id\":\"https:\/\/valparaiso.proximasistemas.com.mx\/#breadcrumb\",\"itemListElement\":[{\"@type\":\"ListItem\",\"position\":1,\"name\":\"Portada\",\"item\":\"https:\/\/valparaiso.proximasistemas.com.mx\/\"},{\"@type\":\"ListItem\",\"position\":2,\"name\":\"index\"}]},{\"@type\":\"WebSite\",\"@id\":\"https:\/\/valparaiso.proximasistemas.com.mx\/#website\",\"url\":\"https:\/\/valparaiso.proximasistemas.com.mx\/\",\"name\":\"Valparaiso\",\"description\":\"Servicios Funerales\",\"publisher\":{\"@id\":\"https:\/\/valparaiso.proximasistemas.com.mx\/#organization\"},\"potentialAction\":[{\"@type\":\"SearchAction\",\"target\":{\"@type\":\"EntryPoint\",\"urlTemplate\":\"https:\/\/valparaiso.proximasistemas.com.mx\/?s={search_term_string}\"},\"query-input\":{\"@type\":\"PropertyValueSpecification\",\"valueRequired\":true,\"valueName\":\"search_term_string\"}}],\"inLanguage\":\"es\"},{\"@type\":\"Organization\",\"@id\":\"https:\/\/valparaiso.proximasistemas.com.mx\/#organization\",\"name\":\"Valparaiso\",\"url\":\"https:\/\/valparaiso.proximasistemas.com.mx\/\",\"logo\":{\"@type\":\"ImageObject\",\"inLanguage\":\"es\",\"@id\":\"https:\/\/valparaiso.proximasistemas.com.mx\/#\/schema\/logo\/image\/\",\"url\":\"https:\/\/valparaiso.proximasistemas.com.mx\/wp-content\/uploads\/2026\/03\/valparaiso.jpg\",\"contentUrl\":\"https:\/\/valparaiso.proximasistemas.com.mx\/wp-content\/uploads\/2026\/03\/valparaiso.jpg\",\"width\":659,\"height\":181,\"caption\":\"Valparaiso\"},\"image\":{\"@id\":\"https:\/\/valparaiso.proximasistemas.com.mx\/#\/schema\/logo\/image\/\"},\"sameAs\":[\"https:\/\/www.facebook.com\/FuneralesValparaiso\"]}]}<\/script>\n<!-- \/ Yoast SEO plugin. -->","yoast_head_json":{"title":"Servicios funerarios en Toluca | Atenci\u00f3n 24\/7","description":"Servicios funerarios en Toluca. Tr\u00e1mites, cremaci\u00f3n, salas de velaci\u00f3n y acompa\u00f1amiento profesional las 24 horas.","robots":{"index":"index","follow":"follow","max-snippet":"max-snippet:-1","max-image-preview":"max-image-preview:large","max-video-preview":"max-video-preview:-1"},"canonical":"https:\/\/valparaiso.proximasistemas.com.mx\/","og_locale":"es_ES","og_type":"article","og_title":"Servicios funerarios en Toluca | Atenci\u00f3n 24\/7","og_description":"Servicios funerarios en Toluca. Tr\u00e1mites, cremaci\u00f3n, salas de velaci\u00f3n y acompa\u00f1amiento profesional las 24 horas.","og_url":"https:\/\/valparaiso.proximasistemas.com.mx\/","og_site_name":"Valparaiso","article_publisher":"https:\/\/www.facebook.com\/FuneralesValparaiso","article_modified_time":"2026-03-13T18:44:18+00:00","twitter_card":"summary_large_image","schema":{"@context":"https:\/\/schema.org","@graph":[{"@type":"WebPage","@id":"https:\/\/valparaiso.proximasistemas.com.mx\/","url":"https:\/\/valparaiso.proximasistemas.com.mx\/","name":"Servicios funerarios en Toluca | Atenci\u00f3n 24\/7","isPartOf":{"@id":"https:\/\/valparaiso.proximasistemas.com.mx\/#website"},"datePublished":"2026-03-13T18:40:23+00:00","dateModified":"2026-03-13T18:44:18+00:00","description":"Servicios funerarios en Toluca. Tr\u00e1mites, cremaci\u00f3n, salas de velaci\u00f3n y acompa\u00f1amiento profesional las 24 horas.","breadcrumb":{"@id":"https:\/\/valparaiso.proximasistemas.com.mx\/#breadcrumb"},"inLanguage":"es","potentialAction":[{"@type":"ReadAction","target":["https:\/\/valparaiso.proximasistemas.com.mx\/"]}]},{"@type":"BreadcrumbList","@id":"https:\/\/valparaiso.proximasistemas.com.mx\/#breadcrumb","itemListElement":[{"@type":"ListItem","position":1,"name":"Portada","item":"https:\/\/valparaiso.proximasistemas.com.mx\/"},{"@type":"ListItem","position":2,"name":"index"}]},{"@type":"WebSite","@id":"https:\/\/valparaiso.proximasistemas.com.mx\/#website","url":"https:\/\/valparaiso.proximasistemas.com.mx\/","name":"Valparaiso","description":"Servicios Funerales","publisher":{"@id":"https:\/\/valparaiso.proximasistemas.com.mx\/#organization"},"potentialAction":[{"@type":"SearchAction","target":{"@type":"EntryPoint","urlTemplate":"https:\/\/valparaiso.proximasistemas.com.mx\/?s={search_term_string}"},"query-input":{"@type":"PropertyValueSpecification","valueRequired":true,"valueName":"search_term_string"}}],"inLanguage":"es"},{"@type":"Organization","@id":"https:\/\/valparaiso.proximasistemas.com.mx\/#organization","name":"Valparaiso","url":"https:\/\/valparaiso.proximasistemas.com.mx\/","logo":{"@type":"ImageObject","inLanguage":"es","@id":"https:\/\/valparaiso.proximasistemas.com.mx\/#\/schema\/logo\/image\/","url":"https:\/\/valparaiso.proximasistemas.com.mx\/wp-content\/uploads\/2026\/03\/valparaiso.jpg","contentUrl":"https:\/\/valparaiso.proximasistemas.com.mx\/wp-content\/uploads\/2026\/03\/valparaiso.jpg","width":659,"height":181,"caption":"Valparaiso"},"image":{"@id":"https:\/\/valparaiso.proximasistemas.com.mx\/#\/schema\/logo\/image\/"},"sameAs":["https:\/\/www.facebook.com\/FuneralesValparaiso"]}]}},"_links":{"self":[{"href":"https:\/\/valparaiso.proximasistemas.com.mx\/index.php?rest_route=\/wp\/v2\/pages\/64206","targetHints":{"allow":["GET"]}}],"collection":[{"href":"https:\/\/valparaiso.proximasistemas.com.mx\/index.php?rest_route=\/wp\/v2\/pages"}],"about":[{"href":"https:\/\/valparaiso.proximasistemas.com.mx\/index.php?rest_route=\/wp\/v2\/types\/page"}],"author":[{"embeddable":true,"href":"https:\/\/valparaiso.proximasistemas.com.mx\/index.php?rest_route=\/wp\/v2\/users\/31"}],"replies":[{"embeddable":true,"href":"https:\/\/valparaiso.proximasistemas.com.mx\/index.php?rest_route=%2Fwp%2Fv2%2Fcomments&post=64206"}],"version-history":[{"count":2,"href":"https:\/\/valparaiso.proximasistemas.com.mx\/index.php?rest_route=\/wp\/v2\/pages\/64206\/revisions"}],"predecessor-version":[{"id":64214,"href":"https:\/\/valparaiso.proximasistemas.com.mx\/index.php?rest_route=\/wp\/v2\/pages\/64206\/revisions\/64214"}],"wp:attachment":[{"href":"https:\/\/valparaiso.proximasistemas.com.mx\/index.php?rest_route=%2Fwp%2Fv2%2Fmedia&parent=64206"}],"curies":[{"name":"wp","href":"https:\/\/api.w.org\/{rel}","templated":true}]}}